{"id":1121,"date":"2022-12-27T10:20:43","date_gmt":"2022-12-27T10:20:43","guid":{"rendered":"https:\/\/ongulpt.org\/?page_id=1121"},"modified":"2022-12-27T10:40:44","modified_gmt":"2022-12-27T10:40:44","slug":"adhesion","status":"publish","type":"page","link":"https:\/\/ongulpt.org\/?page_id=1121","title":{"rendered":"Adh\u00e9sion"},"content":{"rendered":"<div id=\"pl-1121\"  class=\"panel-layout\" ><div id=\"pg-1121-0\"  class=\"panel-grid panel-no-style\" ><div id=\"pgc-1121-0-0\"  class=\"panel-grid-cell\" ><div id=\"panel-1121-0-0-0\" class=\"so-panel widget widget_black-studio-tinymce widget_black_studio_tinymce panel-first-child panel-last-child\" data-index=\"0\" ><div class=\"textwidget\"><\/div><\/div><\/div><div id=\"pgc-1121-0-1\"  class=\"panel-grid-cell\" ><div id=\"panel-1121-0-1-0\" class=\"so-panel widget widget_black-studio-tinymce widget_black_studio_tinymce panel-first-child panel-last-child\" data-index=\"1\" ><div class=\"textwidget\"><p><div class=\"wpforms-container wpforms-container-full\" id=\"wpforms-1125\"><form id=\"wpforms-form-1125\" class=\"wpforms-validate wpforms-form wpforms-ajax-form\" data-formid=\"1125\" method=\"post\" enctype=\"multipart\/form-data\" action=\"\/index.php?rest_route=%2Fwp%2Fv2%2Fpages%2F1121\" data-token=\"ceaebc679b6360fe4cc2226bd9f2e7c9\"><noscript class=\"wpforms-error-noscript\">Veuillez activer JavaScript dans votre navigateur pour remplir ce formulaire.<\/noscript><div class=\"wpforms-field-container\"><div id=\"wpforms-1125-field_0-container\" class=\"wpforms-field wpforms-field-name\" data-field-id=\"0\"><label class=\"wpforms-field-label\" for=\"wpforms-1125-field_0\">Nom <span class=\"wpforms-required-label\">*<\/span><\/label><div class=\"wpforms-field-row wpforms-field-medium\"><div class=\"wpforms-field-row-block wpforms-first wpforms-one-half\"><input type=\"text\" id=\"wpforms-1125-field_0\" class=\"wpforms-field-name-first wpforms-field-required\" name=\"wpforms[fields][0][first]\" required><label for=\"wpforms-1125-field_0\" class=\"wpforms-field-sublabel after \">Pr\u00e9nom<\/label><\/div><div class=\"wpforms-field-row-block wpforms-one-half\"><input type=\"text\" id=\"wpforms-1125-field_0-last\" class=\"wpforms-field-name-last wpforms-field-required\" name=\"wpforms[fields][0][last]\" required><label for=\"wpforms-1125-field_0-last\" class=\"wpforms-field-sublabel after \">Nom<\/label><\/div><\/div><\/div><div id=\"wpforms-1125-field_5-container\" class=\"wpforms-field wpforms-field-text\" data-field-id=\"5\"><label class=\"wpforms-field-label\" for=\"wpforms-1125-field_5\">Contact <span class=\"wpforms-required-label\">*<\/span><\/label><input type=\"text\" id=\"wpforms-1125-field_5\" class=\"wpforms-field-medium wpforms-field-required\" name=\"wpforms[fields][5]\" required><\/div><div id=\"wpforms-1125-field_1-container\" class=\"wpforms-field wpforms-field-email\" data-field-id=\"1\"><label class=\"wpforms-field-label\" for=\"wpforms-1125-field_1\">E-mail<\/label><input type=\"email\" id=\"wpforms-1125-field_1\" class=\"wpforms-field-medium\" name=\"wpforms[fields][1]\" spellcheck=\"false\" ><\/div><div id=\"wpforms-1125-field_4-container\" class=\"wpforms-field wpforms-field-select wpforms-field-select-style-classic\" data-field-id=\"4\"><label class=\"wpforms-field-label\" for=\"wpforms-1125-field_4\">Montant <span class=\"wpforms-required-label\">*<\/span><\/label><select id=\"wpforms-1125-field_4\" class=\"wpforms-field-medium wpforms-field-required\" name=\"wpforms[fields][4]\" required=\"required\"><option value=\"5 000 FCFA \/ANN\u00c9E\"  selected='selected'>5 000 FCFA \/ANN\u00c9E<\/option><\/select><\/div><div id=\"wpforms-1125-field_7-container\" class=\"wpforms-field wpforms-field-checkbox\" data-field-id=\"7\"><label class=\"wpforms-field-label\" for=\"wpforms-1125-field_7\">Voulez-vous adh\u00e9rer \u00e0 l\u2019ONG ULPT ? <span class=\"wpforms-required-label\">*<\/span><\/label><ul id=\"wpforms-1125-field_7\" class=\"wpforms-field-required\"><li class=\"choice-1 depth-1 wpforms-selected\"><input type=\"checkbox\" id=\"wpforms-1125-field_7_1\" name=\"wpforms[fields][7][]\" value=\"OUI\" required  checked='checked'><label class=\"wpforms-field-label-inline\" for=\"wpforms-1125-field_7_1\">OUI<\/label><\/li><li class=\"choice-2 depth-1\"><input type=\"checkbox\" id=\"wpforms-1125-field_7_2\" name=\"wpforms[fields][7][]\" value=\"NON\" required ><label class=\"wpforms-field-label-inline\" for=\"wpforms-1125-field_7_2\">NON<\/label><\/li><\/ul><\/div><div id=\"wpforms-1125-field_2-container\" class=\"wpforms-field wpforms-field-textarea\" data-field-id=\"2\"><label class=\"wpforms-field-label\" for=\"wpforms-1125-field_2\">Motivations <span class=\"wpforms-required-label\">*<\/span><\/label><textarea id=\"wpforms-1125-field_2\" class=\"wpforms-field-medium wpforms-field-required\" name=\"wpforms[fields][2]\" required><\/textarea><\/div><\/div><!-- .wpforms-field-container --><div class=\"wpforms-submit-container\" ><input type=\"hidden\" name=\"wpforms[id]\" value=\"1125\"><input type=\"hidden\" name=\"wpforms[author]\" value=\"1\"><button type=\"submit\" name=\"wpforms[submit]\" id=\"wpforms-submit-1125\" class=\"wpforms-submit\" data-alt-text=\"Envoi...\" data-submit-text=\"Envoyer\" aria-live=\"assertive\" value=\"wpforms-submit\">Envoyer<\/button><img src=\"https:\/\/ongulpt.org\/wp-content\/plugins\/wpforms-lite\/assets\/images\/submit-spin.svg\" class=\"wpforms-submit-spinner\" style=\"display: none;\" width=\"26\" height=\"26\" alt=\"Chargement en cours\"><\/div><\/form><\/div>  <!-- .wpforms-container --><\/p>\n<\/div><\/div><\/div><div id=\"pgc-1121-0-2\"  class=\"panel-grid-cell\" ><div id=\"panel-1121-0-2-0\" class=\"so-panel widget widget_black-studio-tinymce widget_black_studio_tinymce panel-first-child panel-last-child\" data-index=\"2\" ><div class=\"textwidget\"><\/div><\/div><\/div><\/div><\/div>","protected":false},"excerpt":{"rendered":"<p>Veuillez activer JavaScript dans votre navigateur pour remplir ce formulaire.Nom *Pr\u00e9nomNomContact *E-mailMontant *5 000 FCFA \/ANN\u00c9EVoulez-vous adh\u00e9rer \u00e0 l\u2019ONG ULPT ? *OUINONMotivations *Envoyer<\/p>\n","protected":false},"author":1,"featured_media":0,"parent":0,"menu_order":0,"comment_status":"closed","ping_status":"closed","template":"page-fullwidth.php","meta":{"om_disable_all_campaigns":false,"_mi_skip_tracking":false,"kt_blocks_editor_width":""},"aioseo_notices":[],"_links":{"self":[{"href":"https:\/\/ongulpt.org\/index.php?rest_route=\/wp\/v2\/pages\/1121"}],"collection":[{"href":"https:\/\/ongulpt.org\/index.php?rest_route=\/wp\/v2\/pages"}],"about":[{"href":"https:\/\/ongulpt.org\/index.php?rest_route=\/wp\/v2\/types\/page"}],"author":[{"embeddable":true,"href":"https:\/\/ongulpt.org\/index.php?rest_route=\/wp\/v2\/users\/1"}],"replies":[{"embeddable":true,"href":"https:\/\/ongulpt.org\/index.php?rest_route=%2Fwp%2Fv2%2Fcomments&post=1121"}],"version-history":[{"count":3,"href":"https:\/\/ongulpt.org\/index.php?rest_route=\/wp\/v2\/pages\/1121\/revisions"}],"predecessor-version":[{"id":1130,"href":"https:\/\/ongulpt.org\/index.php?rest_route=\/wp\/v2\/pages\/1121\/revisions\/1130"}],"wp:attachment":[{"href":"https:\/\/ongulpt.org\/index.php?rest_route=%2Fwp%2Fv2%2Fmedia&parent=1121"}],"curies":[{"name":"wp","href":"https:\/\/api.w.org\/{rel}","templated":true}]}}